 - -68. Calculate the greatest common divisor of y and k.
14
Let b = -5 - -19. Let d = 104 + -49. Suppose -5*p - 4*g + d = 0, -3*p + 4*g + 0 + 1 = 0. Calculate the greatest common factor of p and b.
7
Suppose i - 2 = 1. Calculate the greatest common divisor of i and 15.
3
Suppose 0 = -q - 25 - 14. Let u = q - -63. Suppose -29*i + 30*i - 6 = 0. What is the greatest common divisor of i and u?
6
Let c be ((-3 + 2)*-6)/2. Calculate the highest common factor of 12 and c.
3
Suppose -5*t + 96 = m + 8, -5*t - 5*m = -80. Let c(p) = 2*p**3 + 34*p**2 + 6. Let s be c(-17). Calculate the greatest common divisor of t and s.
6
Suppose -6*f + 2*v + 22 = -f, 4*v = 5*f - 14. Let y(b) = -b**3 + 8*b**2 - 10*b + 6. Let r be y(f). What is the greatest common factor of r and 6?
6
Let f(v) = 2*v**2 - 4*v + 15. Let b be f(5). Let r(m) = m**3 + 5*m**2 + m - 1. Let n be r(-2). Calculate the greatest common divisor of b and n.
9
Suppose -482 = -3*c + 5*z, 4*c + 0*c - z - 620 = 0. What is the highest common factor of c and 22?
22
Suppose -5*r = -0*r. Suppose -5*z + 728 - 98 = r. Suppose -3*a = -7*a + 56. Calculate the greatest common factor of z and a.
14
Let l = -3 - -4. Let k = l - -3. Suppose -1 = 4*z - 5. Calculate the highest common divisor of z and k.
1
Let u(s) = -s**3 - 6*s**2 - 4*s - 2. Let h be u(-6). Calculate the highest common factor of 22 and h.
22
Let x = 250 + -105. What is the greatest common factor of x and 29?
29
Let s be (-1)/(2 + 5/(-3)). Let x be (s/(-6))/(2/4). Suppose 12 = -0*h + 6*h. Calculate the greatest common factor of x and h.
1
Let d = 94 + -19. Calculate the greatest common factor of 100 and d.
25
Suppose -19 = -7*y + 23. Calculate the greatest common factor of y and 4.
2
Let d = 19 - 10. Suppose -p = 4*p - 2*r - 141, 3*r = -2*p + 45. Suppose q + p = 2*q. What is the greatest common factor of d and q?
9
Suppose -5*n - 3*v = -176, v - 66 = -4*n + 72. What is the greatest common factor of 442 and n?
34
Let b(s) be the second derivative of -2*s + 0 + 1/3*s**3 + 61/12*s**4 + 1/2*s**2. Let q be b(-1). Calculate the highest common factor of 24 and q.
12
Let v be ((-455)/13)/((-2)/4). What is the greatest common divisor of 10 and v?
10
Let i = 17 - 1. Let u = 7 - 7. Suppose u*c = -c + 4. What is the greatest common factor of i and c?
4
Let f(j) = 10*j + 3. Let i be f(3). Let w be 5/(-25) - 212/(-10). Suppose w = 3*h - 4*u, -4*h = -3*h - 3*u - 2. What is the highest common factor of i and h?
11
Let o be 513/6 - (-2)/4. Let t be o/11 - (-4)/22. What is the greatest common divisor of 4 and t?
4
Let j(r) = r**3 + 8*r**2 + 4*r + 10. Let a be j(-7). Calculate the greatest common factor of 310 and a.
31
Let z = 2 - -1. Suppose -f + z*f - 50 = 0. What is the highest common divisor of f and 10?
5
Let x be -3 - (0/2)/(-3). Let i be 1 - (-41 + -1 - x). Calculate the greatest common factor of 10 and i.
10
Let w = -18 - -23. Suppose f - 27 = -w*c, -5*f - 6*c + 66 = -4*c. What is the greatest common divisor of f and 60?
12
Suppose -3*r = -4*y + 39, 2*r = -y - 3*y + 54. Calculate the greatest common divisor of y and 132.
12
Suppose 4*o = 1528 + 68. Suppose 1979 = 4*v + z + o, 0 = -v + 5*z + 416. Calculate the greatest common divisor of 36 and v.
36
Suppose -5*g + 64 - 4 = 0. Suppose -2*s + 13 + 107 = 0. What is the highest common divisor of g and s?
12
Suppose -4*o = 3*u - 1368, -4*o + 2116 = u + 748. What is the greatest common divisor of o and 38?
38
Let o(p) = 3*p - 2. Let n be o(3). Suppose q = 6*q - b - 279, 5*b - 285 = -5*q. Calculate the highest common divisor of q and n.
7
Suppose -5*k + 118 = -22. Calculate the highest common factor of 280 and k.
28
Let b be 3*((-104)/(-12) - 1). Suppose -b = -3*u + 13. What is the highest common divisor of 108 and u?
12
Suppose 5*y - 650 - 115 = 0. Calculate the greatest common factor of 17 and y.
17
Let b(w) = -w**3 - 2*w**2 + 5*w + 3. Suppose 5*r = -13 - 7. Let i be b(r). What is the greatest common divisor of 120 and i?
15
Suppose 3*n - 75 = -2*n. What is the greatest common divisor of n and 5?
5
Suppose 4*p + 44 = 6*p. Calculate the highest common factor of p and 242.
22
Let j = 24 - 2. Calculate the greatest common divisor of j and 55.
11
Let f = 1894 - 1291. Calculate the highest common factor of f and 67.
67
Let i = 62 - 40. Let a = i + -16. What is the greatest common factor of a and 9?
3
Let g = -37 - 0. Let d = g + 89. Calculate the greatest common factor of 13 and d.
13
Let g(l) = -l**3 + 10*l**2 - 5*l - 1. Let o be g(4). What is the highest common divisor of 25 and o?
25
Suppose -9*i = -3*i - 6. Let d be 105/6 + i/2. Calculate the highest common factor of d and 198.
18
Suppose -g + q + 104 = -0*q, -104 = -g - q. Let n = 25 + -21. Let x be 75/5 - n/2. Calculate the highest common divisor of x and g.
13
Suppose 3*j + 0*j = 12. What is the highest common divisor of j and 28?
4
Suppose 0 = -4*v + v. Let o(f) = -f + 17. Let w be o(v). Suppose -2*k = -3*y + 4*y - 47, 4*k + 110 = 2*y. What is the greatest common factor of w and y?
17
Let u = -4 - -28. Calculate the highest common divisor of 3 and u.
3
Suppose 2*u - 1 = 1. Suppose c + 5 = -u. Let y be (-148)/c + 4/(-6). What is the greatest common factor of 12 and y?
12
Let g = -34 + 72. Calculate the highest common factor of 19 and g.
19
Suppose -2*o = -3*n - 7, 7*o = 4*o - 4*n + 2. Let p be 4/o*(5 - -51). Calculate the greatest common divisor of p and 16.
16
Suppose -2 = -2*b + 2. Let q be (-2 - -1)*(0 + 1) + 15. Calculate the greatest common factor of b and q.
2
Let i(s) be the third derivative of -s**5/60 + s**4/24 + 9*s**3/2 + 3*s**2. Let d be i(0). Calculate the greatest common divisor of 3 and d.
3
Let c be (-4)/3*(-6)/4. Suppose 66 = c*h - 0*h. Suppose -2*u = -23 - 21. What is the highest common factor of h and u?
11
Suppose 0 = -m + 7*m - 108. Calculate the greatest common factor of 198 and m.
18
Let x = 42 + 30. Suppose 4*u - 350 = 106. Let m = u - x. What is the greatest common factor of 6 and m?
6
Let f = 13 + 3. Suppose 0 = -c - 2*y + 44, -5*y = 6 - 16. What is the highest common factor of f and c?
8
Let n = 342 - 287. Let i be 2/(-6) + 67/3. Calculate the highest common factor of i and n.
11
Suppose 0 = 4*b - 5*r - 9, 5*b - 7 = 3*r + 14. Let j = b - 11. Let u = j + 7. Calculate the greatest common factor of 10 and u.
2
Suppose -y = -3*y + 126. Calculate the highest common factor of y and 21.
21
Suppose 2*k + 22 = 4*k. Let o(i) = -i + 9. Let h be o(7). Let n be 58 - (h + 4 + -3). Calculate the greatest common factor of k and n.
11
Let z be 21/(-14)*(-8)/(-3). Let y = z + 10. Suppose 3*p - 116 = 3*b - 8*b, 0 = -3*b - 6. What is the greatest common divisor of p and y?
6
Suppose 4*l = -l. Suppose l = a - 0*a - 3. Suppose -112 = -2*p + 5*r, 0*p + 318 = 5*p - a*r. What is the greatest common divisor of p and 22?
22
Suppose y + 2 - 9 = 4*i, -3*i + 6 = -3*y. Let k be ((-318)/i)/(1/(-1)). Let p = k - -155. Calculate the greatest common divisor of p and 7.
7
Let r = -10 + 11. Suppose 0 = 2*y + 4*c - 12, -2*c + 6 = 3*y - 5*y. Let g = y + 1. What is the greatest common divisor of r and g?
1
Let f = 27 + 18. Let g(c) = -5*c. Let q be g(-1). Calculate the highest common divisor of q and f.
5
Let w(k) = -4*k - 13. Suppose 0 = -3*d + 2*j + 6 - 20, -2*d - 26 = 2*j. Let b be w(d). What is the greatest common divisor of 95 and b?
19
Let l = 3 + -2. Let x(u) be the third derivative of -u**5/60 - 5*u**4/24 + u**3/2 + 3*u**2. Let v be x(-5). Calculate the highest common factor of v and l.
1
Let w = 25 - 15. Let z = -33 - -37. Calculate the highest common divisor of w and z.
2
Let x be (6 + 10/(-2))/((-2)/(-282)). Calculate the greatest common divisor of 94 and x.
47
Let f(u) = 3*u - 5. Let o be f(8). What is the highest common divisor of o and 38?
19
Let a = -60 - -84. Suppose -4*r = r - t - 15, t = -r + 3. Calculate the highest common divisor of r and a.
3
Let j be -1*4*1*-6. Let g be (2/(-4))/((-4)/j). Suppose 4*b = g*b + 88. Calculate the highest common divisor of b and 11.
11
Let f be -34*(-1)/2 + -4. What is the greatest common factor of 39 and f?
13
Let a be ((-3)/(-2))/((-21)/(-196)). What is the greatest common factor of a and 70?
14
Suppose 0*u - 3 = -u. Suppose -96 = -7*y + u*y. What is the greatest common factor of y and 8?
8
Suppose 0*w + w - 6 = 0. Let n(